591415 is divided by 7973?
7963
What is the remainder when 76348860 is divided by 3053954?
10
Calculate the remainder when 2650739 is divided by 3744.
3731
What is the remainder when 374469 is divided by 2486?
1569
What is the remainder when 220276495 is divided by 1173?
1171
Calculate the remainder when 54796799 is divided by 8.
7
Calculate the remainder when 1754961 is divided by 334.
125
Calculate the remainder when 19318 is divided by 12241.
7077
What is the remainder when 10113 is divided by 605?
433
What is the remainder when 25433 is divided by 2099?
245
What is the remainder when 794133 is divided by 5329?
112
What is the remainder when 254951 is divided by 50391?
2996
Calculate the remainder when 30073915 is divided by 234.
1
Calculate the remainder when 1190883933 is divided by 2719.
2718
Calculate the remainder when 195551 is divided by 97629.
293
What is the remainder when 2847474 is divided by 1055?
29
What is the remainder when 236538 is divided by 171?
45
What is the remainder when 650880758 is divided by 20?
18
What is the remainder when 1216751 is divided by 46?
5
Calculate the remainder when 453276 is divided by 435.
6
Calculate the remainder when 77499600 is divided by 68.
0
What is the remainder when 689722 is divided by 726?
22
What is the remainder when 41267 is divided by 41264?
3
Calculate the remainder when 12841 is divided by 6410.
21
What is the remainder when 64522 is divided by 1953?
73
Calculate the remainder when 11651369 is divided by 31.
19
Calculate the remainder when 307096418 is divided by 1687.
1686
What is the remainder when 1446633 is divided by 11043?
0
Calculate the remainder when 49127 is divided by 24393.
341
Calculate the remainder when 513332 is divided by 36573.
1310
What is the remainder when 71943694 is divided by 2819?
2814
Calculate the remainder when 203280 is divided by 2641.
2564
What is the remainder when 448148 is divided by 224008?
132
What is the remainder when 75685900 is divided by 468?
4
What is the remainder when 133905628 is divided by 46?
42
Calculate the remainder when 7041511 is divided by 119.
43
Calculate the remainder when 48248994 is divided by 430.
414
What is the remainder when 412323 is divided by 399?
156
Calculate the remainder when 119945 is divided by 5386.
1453
What is the remainder when 366649 is divided by 991?
970
What is the remainder when 6726 is divided by 959?
13
Calculate the remainder when 595292 is divided by 297597.
98
What is the remainder when 86960277 is divided by 122652?
9
What is the remainder when 9508227 is divided by 18?
15
Calculate the remainder when 211511 is divided by 70111.
1178
What is the remainder when 398913 is divided by 7508?
989
What is the remainder when 614494 is divided by 9782?
8010
Calculate the remainder when 105842254 is divided by 52.
50
Calculate the remainder when 2260699 is divided by 91.
77
What is the remainder when 13895930 is divided by 6947753?
424
Calculate the remainder when 126478 is divided by 29458.
8646
Calculate the remainder when 170081229 is divided by 627606.
3
What is the remainder when 28929 is divided by 1205?
9
What is the remainder when 551261 is divided by 551242?
19
Calculate the remainder when 101083 is divided by 1411.
902
What is the remainder when 298230 is divided by 3205?
165
Calculate the remainder when 17483 is divided by 2962.
2673
What is the remainder when 151100507 is divided by 487?
478
Calculate the remainder when 163625 is divided by 81750.
125
What is the remainder when 111642773 is divided by 163?
161
Calculate the remainder when 5332222 is divided by 2088.
1558
Calculate the remainder when 57279 is divided by 2597.
145
Calculate the remainder when 97861769 is divided by 746.
743
What is the remainder when 1207575 is divided by 303?
120
Calculate the remainder when 333361 is divided by 85.
76
Calculate the remainder when 277530 is divided by 137170.
3190
Calculate the remainder when 358046 is divided by 1947.
1745
Calculate the remainder when 9146927 is divided by 703609.
10
Calculate the remainder when 247185 is divided by 30855.
345
What is the remainder when 132304 is divided by 633?
7
What is the remainder when 4621062 is divided by 276?
270
Calculate the remainder when 11045408 is divided by 13.
10
Calculate the remainder when 2795264 is divided by 931620.
404
Calculate the remainder when 5042 is divided by 561.
554
Calculate the remainder when 10273676 is divided by 37.
34
Calculate the remainder when 11375807 is divided by 192.
191
Calculate the remainder when 2196483 is divided by 2145.
3
Calculate the remainder when 40314 is divided by 37748.
2566
What is the remainder when 3900900 is divided by 8371?
14
Calculate the remainder when 275604 is divided by 197.
1
Calculate the remainder when 93280 is divided by 31074.
58
Calculate the remainder when 6430166 is divided by 37603.
53
Calculate the remainder when 3684468 is divided by 1859.
1789
Calculate the remainder when 120291841 is divided by 799.
793
Calculate the remainder when 1339035 is divided by 57.
48
What is the remainder when 7506542 is divided by 151?
30
Calculate the remainder when 821947414 is divided by 68.
66
Calculate the remainder when 536470 is divided by 45.
25
What is the remainder when 150107 is divided by 76?
7
What is the remainder when 12556 is divided by 2894?
980
Calculate the remainder when 73382 is divided by 6634.
408
What is the remainder when 152155 is divided by 43?
21
What is the remainder when 19954701 is divided by 3990936?
21
Calculate the remainder when 294455 is divided by 8174.
191
Calculate the remainder when 33684 is divided by 843.
807
What is the remainder when 716902 is divided by 1434?
1336
What is the remainder when 57035 is divided by 27191?
2653
Calculate the remainder when 54103 is divided by 12353.
4691
What is the remainder when 9211854 is divided by 105883?
33
Calculate the remainder when 70259275 is divided by 112.
107
What is the remainder when 6902079 is divided by 160?
159
Calculate the remainder when 211893 is divided by 1075.
118
What is the remainder when 93405 is divided by 6714?
6123
What is the remainder when 4525611 is divided by 646515?
6
What is the remainder when 681587 is divided by 2040?
227
What is the remainder when 99277 is divided by 1462?
1323
Calculate the remainder when 639869 is divided by 15584.
925
Calculate the remainder when 19842923 is divided by 8261.
1
What is the remainder when 20879491 is divided by 328?
323
Calculate the remainder when 2582680 is divided by 127.
8
Calculate the remainder when 203860 is divided by 1240.
500
What is the remainder when 2131276 is divided by 2956?
0
What is the remainder when 293355698 is divided by 220?
218
Calculate the remainder when 358889 is divided by 649.
641
Calculate the remainder when 520011 is divided by 1620.
1611
What is the remainder when 136268 is divided by 13851?
11609
What is the remainder when 4018997 is divided by 6?
5
What is the remainder when 35115501 is divided by 1907?
3
What is the remainder when 27982 is divided by 310?
82
What is the remainder when 9988690 is divided by 143?
140
Calculate the remainder when 12456127 is divided by 92956.
23
Calculate the remainder when 94630 is divided by 18836.
450
What is the remainder when 11399333 is divided by 44?
33
What is the remainder when 127714 is divided by 127346?
368
Calculate the remainder when 20815 is divided by 3277.
1153
What is the remainder when 3839163 is divided by 1919576?
11
What is the remainder when 73168 is divided by 12194?
4
Calculate the remainder when 3113173 is divided by 981.
460
What is the remainder when 27112 is divided by 7763?
3823
Calculate the remainder when 799254 is divided by 12.
6
What is the remainder when 1013765 is divided by 768?
5
Calculate the remainder when 3790877 is divided by 190.
187
What is the remainder when 541401 is divided by 2294?
17
Calculate the remainder when 22629615 is divided by 148879.
7
What is the remainder when 253602 is divided by 208?
50
What is the remainder when 2529410 is divided by 2823?
2
What is the remainder when 36840 is divided by 3250?
1090
What is the remainder when 363162 is divided by 363104?
58
What is the remainder when 14516331 is divided by 2903264?
11
What is th